+ 4. Let s = 3 + -1. Let g be (-130)/(-25) + s/(-10). Calculate the highest common divisor of u and g.
1
Suppose 2*a + 4 = 10. Suppose -a*u - 12 = -z - 1, u = 5*z - 41. Suppose w - z = 22. Calculate the highest common factor of 10 and w.
10
Let s = -3 + 1. Let z be (1 - 0)/(s/(-6)). Let v(a) = a. Let n be v(3). Calculate the highest common divisor of z and n.
3
Suppose -4*j + 4*o + 3 = -o, 4*j + 5*o - 53 = 0. What is the highest common factor of j and 49?
7
Let k be (-4)/(-8) - 742/(-4). Suppose 4*o + k = 7*o. Let y be o/5 - (-8)/(-20). What is the greatest common factor of y and 132?
12
Let s(y) = -y**2 - 8*y + 5. Let w(x) = -x**2 + 2*x - 4. Let z be w(3). Let l be s(z). What is the greatest common divisor of l and 96?
12
Suppose 2 = 4*g + 2*p, -2*p + 3 = -3*p. What is the highest common divisor of g and 4?
2
Suppose 0 = n - 23 - 9. Suppose 0 = 3*l - 8*l. Let j = l + 4. What is the greatest common factor of n and j?
4
Suppose -u - 5 = 5*t, 3*t - 38 = -5*u - t. Suppose 2*m - 4 = -0*m. Let o be m + ((-176)/1)/(-2). Calculate the highest common factor of u and o.
10
Suppose 0 = 4*n - 6*b + 2*b - 28, -4*n - 2*b + 10 = 0. Calculate the highest common divisor of 1 and n.
1
Let l be 48/40*(-40)/(-6). What is the greatest common divisor of l and 16?
8
Suppose 55 = 6*n - n. What is the highest common factor of 44 and n?
11
Suppose g = -o + 5, -2*g + 12 = 5*o + 2. Suppose f - 2*d - 2 = 0, -3*f - 2*d + 7*d + 6 = 0. Let v = f - o. Calculate the greatest common factor of v and 5.
1
Suppose 91 = 5*k + 11. What is the greatest common divisor of 16 and k?
16
Let g(f) = 144*f**3 - f**2 + 1. Let q be g(1). Let s be (-5 - -2)/(3/(-18)). What is the greatest common factor of q and s?
18
Let x = 5 + -1. Suppose 42 = 4*y + 2*u - 8, -x*y = -2*u - 38. What is the highest common divisor of 11 and y?
11
Let f = 81 - 21. What is the greatest common divisor of f and 24?
12
Let k be (-3 + 2)/((-3)/39). Suppose -2*l + 2*y = -120, 2*l + 3*y - 77 = 68. What is the highest common divisor of l and k?
13
Let w be (0/(-4 + 2))/2. Suppose -4*m + 76 = 3*v - 0*v, 4*v + 5*m - 101 = w. Calculate the greatest common factor of v and 8.
8
Let b(d) = 4*d**2 + 4*d. Let w be b(-3). Suppose y + 216 = m - y, -5*m = 3*y - 1080. What is the highest common factor of w and m?
24
Suppose -31 = -5*l + 269. What is the highest common factor of 30 and l?
30
Let m(d) = d**2 - 3*d - 7. Let t be m(-5). Suppose -4*v - 4*i = -v - t, v = -5*i + 22. What is the greatest common divisor of v and 7?
7
Let r(f) = 6*f**3 - 4*f + 4. Let c be r(3). Let l be (-4)/(-14) - (-4)/(-14). Suppose 3*h = -l*h + 42. What is the greatest common divisor of c and h?
14
Suppose 4*i = -34 + 114. What is the greatest common factor of 10 and i?
10
Let f = -17 + 18. What is the highest common divisor of 2 and f?
1
Suppose -2 = -l - 11. Let i = 10 + l. What is the greatest common factor of i and 11?
1
Let i(b) = -3*b + 7. Let o be i(-5). Let y(a) = -a**2 + 242. Let u be y(0). Calculate the greatest common factor of o and u.
22
Let h be (20/(-6))/((-8)/36). Suppose 0 = -2*f + 3*f - 15. What is the highest common factor of f and h?
15
Let g be ((-1)/2)/((-5)/8580). Suppose 4*p + 2*p = g. Let s be ((-52)/(-6))/((-4)/(-6)). Calculate the highest common factor of s and p.
13
Let q(f) = -9*f - 21. Let b be q(-6). What is the greatest common factor of 297 and b?
33
Suppose -4*j + 2*w + 0 = -2, 5*j = 4*w + 1. Suppose 8 = -2*u, 3*h + 4*u - j - 1 = 0. What is the greatest common divisor of 15 and h?
3
Let u = 58 + -53. Calculate the greatest common factor of u and 5.
5
Let k be 3*4/6*(39 + -8). What is the highest common factor of k and 155?
31
Let x(n) = -n**3 - 4*n**2 + 6*n - 5. Let p be x(-6). What is the greatest common divisor of 248 and p?
31
Suppose 6 = -0*p - p. Let f(s) = -3*s - 4. Let k be f(p). Calculate the highest common factor of 35 and k.
7
Let v(f) = -f**3 + f**2 + 5*f + 1. Let u be v(4). Let m = -3 - u. Let q = -12 + m. What is the greatest common divisor of q and 36?
12
Let k = 6 - 3. Suppose -k*h - 5*m = -67, 0 = 4*h + m - 127 + 49. Calculate the greatest common factor of 19 and h.
19
Let j(s) = -s**2 + 4*s + 5. Let v be j(4). Suppose 5*x - 3*t = t + 31, -5*x = -v*t - 35. Suppose c + 0*c = 33. Calculate the highest common divisor of c and x.
3
Suppose -4 = 3*z - j - 18, -5*j = z - 10. Calculate the greatest common factor of z and 1.
1
Let g = 2 - 2. Let l be -2 + 20 + (g - -2). Let b(z) = -z**2 + 8*z - 10. Let o be b(5). Calculate the highest common divisor of l and o.
5
Let l = 2 - 2. Suppose 2*k - 4*d = 46, d + l*d = 4*k - 64. Suppose -2*w = -w + 5*b - k, 0 = 2*w - 5*b - 90. What is the greatest common divisor of 14 and w?
7
Suppose -2*r = 6, 2*n + 6*r - 423 = 3*r. Calculate the highest common factor of n and 27.
27
Let c be (8/(-6))/(-2)*(19 - 28). Let m(d) = d**3 - 5*d**2 + d + 5. Let h be m(5). Let i = c + h. What is the highest common divisor of i and 8?
4
Suppose -2*q + 6 = 0, -5*k + 3*q = -q - 103. Let a = -184 + 81. Let t = -34 - a. Calculate the highest common factor of t and k.
23
Let s = 3 + 1. Let b be (10/(-4))/((-2)/32). Suppose r = s*z - 351, -403 - b = -5*z - 3*r. Calculate the highest common factor of z and 8.
8
Let x = 14 + -7. Let f(i) = 3*i**2 + 3*i + 3. Let l be f(-5). What is the highest common factor of l and x?
7
Let y = 24 - 21. Calculate the highest common divisor of 12 and y.
3
Let l = -35 + 53. Calculate the greatest common divisor of 9 and l.
9
Suppose 6 = -5*i + 531. Let o = 115 + i. Suppose 5*c = -g + 119, -o = -2*g - 0*g - 4*c. What is the greatest common divisor of g and 13?
13
Let j(o) = 26*o + 8. Let h be j(8). Suppose 2*l - 32 = l + 2*x, 0 = x + 4. Calculate the highest common factor of l and h.
24
Let s(k) = -k - 1. Let m be s(-7). Let p = 8 - m. Suppose -2*g + b = 4*b - 12, -p*g - 5*b = -16. What is the greatest common factor of g and 12?
3
Suppose 306 = 14*x - 5*x. Calculate the greatest common divisor of 306 and x.
34
Suppose -3*p + 200 = 8. Suppose 0 = -0*g - 4*g + p. Calculate the highest common divisor of g and 96.
16
Let f be ((-90)/75)/(7/(-5) - -1). Calculate the highest common divisor of 15 and f.
3
Let b be (1 + -1)*(1 + 0). Suppose b = -0*j + 4*j - 52. What is the highest common factor of j and 26?
13
Let c(j) = -1 - 3 - 2*j + 3*j. Let t be c(4). Suppose -5*f + t*f = -120. What is the greatest common divisor of f and 6?
6
Let s = 2 + 13. Let d(x) = 109*x**2 + 2 + 2*x - 1 + 57*x**2. Let y be d(-1). Calculate the highest common divisor of s and y.
15
Let q be (-24)/10 - 8/(-20). Let l = 1 - q. What is the greatest common factor of 33 and l?
3
Let t = -5 + 3. Let x(s) = -3*s - 3. Let d be x(t). Let n be (-4)/6 - (-110)/d. What is the greatest common divisor of 9 and n?
9
Let v be ((-33)/4)/((-6)/(-16)). Let z = 0 - v. Suppose 25 = -o + 80. Calculate the highest common factor of z and o.
11
Let u be (-7)/(-1)*(-22)/(-77). Calculate the highest common factor of u and 1.
1
Let f = -265 + 428. Let j = f - 113. What is the greatest common factor of j and 10?
10
Let z(f) = f**3 - 3*f**2 - 3*f + 3. Let w be z(5). Let l = -1 - -1. Suppose 3*q - 7*q + 76 = l. What is the greatest common divisor of q and w?
19
Suppose 0 = -4*u + 4*a + 1100, 2*u - a - 4*a = 550. What is the greatest common divisor of 25 and u?
25
Let u be (4/(-3))/(15/(-135)). What is the highest common factor of 48 and u?
12
Suppose g - 2 = 34. Let z be 5 + (-2 - 1) + 2. Suppose -z*t = 20 - 68. What is the highest common divisor of t and g?
12
Suppose -7*n + 166 = -5*n. Suppose -3*v - 30 = -5*r + n, 5*r + 2*v = 108. Calculate the greatest common factor of 242 and r.
22
Let l(u) = 5*u + 7. Let p be l(-8). Let j be 4/16 + 351/4. Let f = j + p. What is the highest common factor of 11 and f?
11
Let f = 36 - 26. Calculate the greatest common factor of f and 80.
10
Let z(o) = -o - 5. Let r(k) = -k**2 + 2*k + 3. Let u be r(3). Let a be (-1 - u/2) + -5. Let p be z(a). Calculate the greatest common factor of 7 and p.
1
Let v(y) = -2*y + 7. Let x be v(-6). What is the greatest common factor of x and 76?
19
Let y = -58 - -149. What is the highest common factor of 13 and y?
13
Suppose 3*p + 42 = 4*y - 282, 0 = p - 4. Suppose 0*o - 21 = -o. What is the highest common divisor of y and o?
21
Suppose 3*o = -n + 3*n + 49, -20 = 4*